 = i*f(h) + z*d(h). What is b(-2)?
3
Let f = 200 - 195. Let o(k) = -6*k**2 - 3*k - 1738 + k**3 + 1745 + f*k. Suppose 0 = 3*t - 8*t + 25. Calculate o(t).
-8
Let j(o) be the third derivative of o**5/12 - o**4/4 - 7*o**3/6 + 196*o**2 - o. Calculate j(4).
49
Let a(d) = 368 + 360 + 392 - 1158 + d**2 - 20*d - 2*d**2. What is a(-12)?
58
Let r(x) be the first derivative of 0*x - 29 - 1/4*x**4 + 0*x**3 + 0*x**2. What is r(0)?
0
Let m(v) = -25458 - 3*v + 8461 + 8488 + 8470. Calculate m(-13).
0
Let c = -5255 - -5254. Let y(n) = 0 - 5 + 4 + 3*n. Calculate y(c).
-4
Let p(m) = 9*m + 6. Let s(n) = 18*n + 13. Let c(h) = 5*p(h) - 3*s(h). Let k(u) = -3*u - 3. Let x(b) = 4*c(b) - 11*k(b). Give x(5).
-18
Let r(x) = -x**3 - 9*x**2 - 11*x + 22. Let z = 22183 - 22190. What is r(z)?
1
Let o(k) be the first derivative of -k**2 - 3 + 1/12*k**4 - 3*k + 0*k**3. Let a(s) be the first derivative of o(s). Give a(-2).
2
Let g = 126 + -124. Let u(s) = -s**g - 2 + 12 - 3*s - 5. Let y be (-2)/(-7) - (-37)/(-7). Determine u(y).
-5
Suppose 15*s - 6053 - 7357 = 0. Suppose 7*o - s + 950 = 0. Let y(n) = -n**3 - 7*n**2 + 8*n + 10. Determine y(o).
10
Let l(o) = -o. Suppose -2*a = 5*q - 118, 6*a - 5*a = 4*q + 33. Suppose -t = -3*f + 46, 0 = -5*f + 1 - 11. Let k = a + t. Give l(k).
3
Let o(q) = q**3 + 2*q**2 - 7*q + 5. Suppose -509 = 39*x - 353. What is o(x)?
1
Suppose c = 2*w + 5 + 4, 5*w - 4*c + 21 = 0. Let r(l) = l**3 + 2*l**2 - 4*l**3 - 10 - 8*l**2 + 2*l**3 + 12 - 3*l. Give r(w).
-8
Let a(x) be the second derivative of x**3 - 19*x**2/2 - 83*x - 4. Determine a(5).
11
Let f(t) = -7*t**3 - t**2 + 3*t - 2. Let j(w) = w**3 + 42*w**2 - 235*w + 1. Let r be j(-47). Calculate f(r).
-7
Let c = -191 - -215. Suppose -4*o + p = -c, -o - 3*p - 37 = -6*o. Let z(k) be the first derivative of -k**2/2 + 5. Determine z(o).
-5
Let q(t) = -6*t**3 + 382*t**2 + 123*t + 329. Let x be q(64). Let y(z) = -4*z + 25. What is y(x)?
-11
Let y(o) be the first derivative of 2*o**3/3 + 33*o**2/2 + 22*o + 7416. Give y(-15).
-23
Suppose -3*w - 21 = -4*x, -5*x + 39*w = 44*w. Let d(k) = x - 27*k**2 + 12*k**2 - 1 + 2*k + 4*k + 16*k**2. Give d(-4).
-6
Let a(w) be the third derivative of -w**5/60 - w**3/3 + 620*w**2. Give a(-4).
-18
Suppose 0 = 10*q - 3*q - 63. Suppose -3*s + 11 = k - 1, 4*k - q = s. Let g(y) = -y**2 - 3*y - 2. Calculate g(k).
-20
Let h(s) = s**3 + 2*s - 2. Let b be 21/3 - (6 - -1 - (9 + -1)). Let x(w) = 1 - 9*w + 65 + w. Let v be x(b). Give h(v).
10
Let w = 2065 - 2069. Let a(u) = -13*u - 58. Calculate a(w).
-6
Let b(i) = -i**2 - 2*i + 14. Let g be b(3). Let h be (g + 5 + -3)*-1*10. Let t(w) = 2*w + 26. Give t(h).
6
Let q(i) = -i**3 + 2*i**2 + 11*i - 9. Suppose -14*v - 21*v + 92 = -48. What is q(v)?
3
Let k = 20 - 8. Let g(o) = 6 + 2*o - 15 + 0*o + k. Let j = 651 - 653. Calculate g(j).
-1
Let j(a) be the second derivative of -2*a**3 - 19*a**2/2 + 1396*a. What is j(-3)?
17
Suppose 0 = -4*p + 4, -3*q + 0*q + 4 = p. Let w be 1 + (-11 - -6) - q. Let u(g) = 2*g**3 + 7*g - 2*g**2 - 3*g**3 + 3 - 3*g - 3*g**2. Determine u(w).
-17
Let c(h) be the third derivative of -h**9/7560 + h**7/5040 - h**5 - h**4/24 - 39*h**2 + 2*h. Let b(u) be the third derivative of c(u). Determine b(-1).
7
Suppose 4670 = 14*m - 622. Let a = m - 362. Let q(i) = -i**3 + 17*i**2 - 16*i + 2. What is q(a)?
2
Suppose 6 - 20 = -2*h. Let j(k) = 14*k**3 + h*k**2 + 15*k**3 - 28*k**3 - 7*k + 8. Determine j(-8).
0
Suppose 4*f - 14 = -q + 3*q, 5*f - 4*q = 10. Let u(s) = -6 + f*s + s**3 - 66*s**2 + 5*s + 56*s**2. Determine u(9).
12
Let s(d) be the first derivative of d**3/3 - 3*d**2 + d - 600. Let l be (12 + -2)*8/10. What is s(l)?
17
Suppose 0*a + 12 = 3*a, 0 = -y + 3*a - 5. Suppose 28*i - 459 = 19*i. Let h(c) = 27 + 33 - c + 0*c - i. Determine h(y).
2
Let u = -33 + 34. Let h(m) be the third derivative of -m**8/3360 - m**7/2520 - m**4/12 + 37*m**2. Let v(q) be the second derivative of h(q). What is v(u)?
-3
Let o(j) = -j**2 + j + 1. Let b(p) = -4 - 407*p - 4 + 405*p. Let w be b(-4). Calculate o(w).
1
Let i be (-1)/(((-15)/(-9)*2 - 4)/(-4)). Let m(p) = -p**3 - 8*p**2 - 3*p + 6. What is m(i)?
-48
Suppose 7*a - 9*a - 34 = -4*z, -3*a = -3*z + 39. Let h(t) = 6*t + 50. Let k be h(a). Let n(f) = -2*f**2 + f. Calculate n(k).
-36
Let w(d) = -d**2 - 3*d - 2. Let g(h) = 9*h + 1. Let s be g(7). Let c(b) = 30 + b - s + 2*b + 35. Let p be c(-2). Determine w(p).
-12
Suppose 44 = 5*m + 9. Let f(k) = -3*k**2 - 82*k + 27. Let j(q) = -8*q**2 - 228*q + 80. Let g(s) = 11*f(s) - 4*j(s). Calculate g(m).
-2
Let n(t) = -4 + 1 - t**3 + 9*t - 4*t + 4*t**2. Let f(u) = -5*u + 10. Let q be f(-6). Let d be (-36)/6 + q/4. Give n(d).
17
Let a = -4492 - -4487. Let g(n) = n**3 + 7*n**2 + 6*n - 2. Give g(a).
18
Let m be -4 + (-21)/(168/(-3680)). Let w(y) = 7*y - 4 - 2 + 457*y**2 - m*y**2. Give w(-6).
-12
Let n be 3/(((-6)/(-8))/1). Let l(a) = -109*a + 3. Let g(t) = 49*t - 2. Let f(d) = -9*g(d) - 4*l(d). Give f(n).
-14
Let f(j) = 4*j**2 - j + 157786 - 3*j - 157819 - 16*j. Give f(6).
-9
Suppose 0 = p - 6*p - 40. Suppose 2*x - 8 = -5*z + 9, -4*z + 9 = -3*x. Let y(d) = 2*d + 4*d - d + 9 + 2*d + 2*d - 7*d**2 - d**z. What is y(p)?
1
Let v = 491 + -410. Let k(x) = -157*x - 3 + 76*x + v*x - 2*x**2. Calculate k(0).
-3
Suppose 0 = -9*m + 30*m - 2184. Suppose 5*i + 0*i - 550 = 0. Let l = i - m. Let c(a) = -a + 14. What is c(l)?
8
Let l = -34 + 44. Suppose -448*w + l = -443*w. Let m(j) = 5*j**2 - 2*j. Determine m(w).
16
Let g(n) = n**3 - n**2 + 1. Suppose 3*t + t + 5*j + 347 = 0, 5*t + 2*j + 438 = 0. Let v = -23 - t. Let c = -65 + v. Determine g(c).
1
Let g be (-5 - (-78)/18)*3. Let s(r) = r**2 - 16*r - 34. Let m be s(g). Let y(l) = 3*l. Calculate y(m).
6
Let v(s) = -7*s**2 + 16*s + 9. Let w(a) = -2*a**2 + a + 1. Suppose 4*x + n = -4*n - 11, 4*n = -x - 11. Let d(u) = x*v(u) - 3*w(u). Determine d(13).
6
Let c be 300/(-2850) - (-338)/(-38). Let i(t) = -3*t**2 - 23*t - 13. Calculate i(c).
-49
Suppose 153*a - 155*a = -4. Let f(i) = -4 + 342*i**2 - 341*i**a + 2*i - 3 + 6 - i. What is f(0)?
-1
Let x(n) be the first derivative of n**4/2 - 23*n**3/3 + 15*n**2/2 + 2*n + 2382. What is x(11)?
46
Let t(d) = 47*d. Let b(a) = -11*a. Let y(f) = -9*b(f) - 2*t(f). Let x(i) = i - 3. Let m(z) = -4*x(z) + y(z). What is m(0)?
12
Let b be (1/(-1))/((-3)/33). Suppose -6*p = -b*p + 95. Let j(v) = -2*v**2 + p - 19 + 14*v**2. Calculate j(-1).
12
Let b(f) be the third derivative of f**6/120 + 11*f**5/60 + 5*f**4/24 + 2*f**3/3 - 3*f**2 - 146. Give b(-10).
54
Let w(r) = r**2 + 10*r + 55. Let m(d) = -d**2 - 9*d - 46. Let g(a) = 6*m(a) + 5*w(a). Let f be 9/(-3)*(-4)/3. Suppose -x = -f*x - 9. Give g(x).
2
Let o(w) be the second derivative of -w**5/20 - 5*w**4/12 - 2*w**3/3 - 3*w**2 + 27*w + 11. Let l(m) = -4 + 2 - m - 2 - m**2. Let b be l(0). Give o(b).
-6
Let j(q) = -23 + 17*q + q**2 + 5*q**3 + 14*q**2 - 4*q**3 - 2*q**3. Let y be j(16). Let p(l) = 2*l + 14. Give p(y).
0
Let g(x) be the third derivative of -x**8/20160 + x**6/144 - 14*x**5/3 - 7*x**2 + 3*x. Let b(a) be the third derivative of g(a). Calculate b(-2).
1
Let m(g) = 3*g + 34 - 42 + g + 12. Let l(t) = -t - 5. Let b(o) = -2*l(o) - 3*m(o). Determine b(-1).
8
Let q(g) be the second derivative of -g**4/12 + g**2 + 371*g + 36. Suppose 0*d = -5*d. Give q(d).
2
Let y(b) = -b - 21. Suppose 0 = 37*a - 145*a - 1080. What is y(a)?
-11
Let r(i) be the first derivative of -i**2 - 5. Suppose 30*s + 97 = 127. What is r(s)?
-2
Let v be -2*(-12)/96*(-13 + 1). Let h(j) = j**3 + j. Let w(x) = -4*x**3 - 9*x**2 - 5*x - 16. Let c(a) = v*h(a) - w(a). Calculate c(-9).
-2
Let x be (-10)/2 + 1 + 0. Let l be x*(-4)/16*8. Let t(k) be the second derivative of k**4/12 - 5*k**3/3 + 4*k**2 + 8*k. Calculate t(l).
-8
Let w = 42 - 15. Suppose 2*q + 25*q = w. Let s(y) = 10*y**3 - 4*y**2 - 2*y + 7. Let k(r) = r**2 - 1. Let m(b) = 6*k(b) + s(b). What is m(q)?
11
Let s = 10 + -15. Let n(p) = p**3 - 4*p**2 + 6*p - 43. Let t be n(5). Let m(z) = 3 + 2 + 4*z - 19*z**2 + 8*z**2 + t*z**2. Calculate m(s).
10
Let n be 618/(-515)*(-1 + -4). Let d(c) = -3*c + c - 9 + 0*c. Let m(f) = -f - 4. Let p(t) = n*d(t) - 13*m(t). Determine p(3).
1
Let f(g) = g**3 + 8*g**2 + g + 9. Suppose -76*y + 300 = -86*y. Let r = -38 - y. Calculate f(r).
1
Suppose w = -4*w + 3*c - 152, 3*w - 3*c + 96 = 0. Let a = -26 - w. Let f(i) = 0 +